+ -17).
4
What is the value of -3 + -9 + 9 + -3 - -11?
5
What is the value of 0 + -2 + (1 - 1)?
-2
What is -4 + (-3 - (4 + -5) - -7)?
1
What is 2 + 0 + (-3 - 2) - 1?
-4
(-3 - -1) + (-1 - -1) + 3
1
Calculate -8 - 0 - (3 - (22 + -15)).
-4
What is the value of -2 - ((-10 - -7) + 13 + -6)?
-6
Evaluate -7 - ((-2 + 3 - 4) + -2).
-2
Calculate 20 - 25 - ((0 - 1) + -3).
-1
What is 1 + (2 - (-4 - -7))?
0
What is -11 + 23 + (-5 - 0)?
7
Calculate 1 - (8 + 5 + (-9 - 2)).
-1
What is -1 - (-4 + (-1 - 2 - -9))?
-3
What is the value of 9 + 11 + -11 + (-2 - 1)?
6
What is the value of 3 + -2 + 6 + -4?
3
What is -7 - (15 + 1 + -14)?
-9
What is 0 - 7 - -21 - 8?
6
What is the value of -5 + (-3 - -1 - -7)?
0
Calculate 7 + -15 + -2 + 5 - 0.
-5
-12 + (18 - (-13 - -9))
10
Evaluate 2 + 0 - (-2 - 0).
4
Calculate -8 + 11 - 10 - -1.
-6
What is (8 - -8 - (7 + -2)) + -2?
9
-2 + (3 - 2) + (11 - 11)
-1
2 - (0 + 2) - (-6 - -7)
-1
Calculate -5 - (-1 + (0 - -4)).
-8
What is 5 + (-12 - (-1 - 2 - -2))?
-6
What is 8 + 2 + -13 + -1 + -1?
-5
Evaluate -7 + (-4 - -2 - (1 + -5)).
-5
Evaluate -5 + (1 - -7) + -17 + 19.
5
What is the value of (3 - -3) + (1 + -1 - 4)?
2
What is 3 + 1 + -3 + (7 - 8)?
0
Calculate -1 + 5 - (57 - 59).
6
Evaluate -1 + 3 + 0 + -1 - -3.
4
(2 - 1 - 0) + -4 - -11
8
Evaluate -8 + 12 + -12 + -4 + 3.
-9
-3 + (0 - 1 - (-1 - 3))
0
What is the value of (-8 - 2) + -3 + -16 + 18?
-11
Evaluate 10 - 11 - (6 + -5).
-2
What is 3 - (-1 + 11 + (-3 - 1))?
-3
Calculate -4 + 4 - (1 - 0).
-1
-2 + -1 + 10 + -4
3
Evaluate (1 - -1) + (8 - 13).
-3
-4 + (0 + (5 - 2) - -7)
6
What is 0 + 2 + 0 + (0 - 1)?
1
Evaluate 1 + (-8 - -4) + 3 + -3.
-3
What is (-4 - (2 + -3)) + 1 - 3?
-5
Evaluate (11 + -20 - -16) + -1 + 0.
6
What is the value of (-2 - (-4 - -1)) + 18 + -14?
5
Calculate 2 + 1 + (1 - -1) + -8.
-3
What is the value of 0 - 6 - -1 - (10 - 10)?
-5
What is the value of (21 - 16) + 0 + -4?
1
What is the value of 7 - (13 - 7) - -3?
4
Calculate (5 + -4 + -3 - -14) + -5.
7
Evaluate (-2 - -3) + 4 - 2 - 4.
-1
-2 + -6 + 3 + (2 - 0)
-3
What is the value of -6 + 18 + -7 + 0?
5
What is -2 + 3 + (3 - 10 - -4)?
-2
Evaluate -3 + -2 + -5 + 6 + 9.
5
Evaluate -13 - -7 - -4 - 3.
-5
-5 - (6 - (1 + -1 + 14))
3
3 + (-5 - (4 + -5 - 3))
2
Calculate (2 - 9 - -11) + (0 - 2).
2
Calculate -2 - (1 + -4 + 6 - 7).
2
Calculate -4 - (2 + -9 + (-1 - 4)).
8
Evaluate 0 + 1 + 0 + (5 - 4).
2
What is the value of -2 - 1 - (0 + -9 + 4)?
2
Calculate -4 - (-8 + 9 + -3).
-2
Calculate -6 + -5 + 16 + (-4 - -1).
2
What is the value of -8 - (-11 - (-8 - -9))?
4
-40 - -43 - (-1 - -2)
2
Evaluate -11 - (5 + -12) - -1 - -2.
-1
What is -4 + -3 + 8 + 2?
3
What is -10 - -14 - (8 - 2)?
-2
6 + (-10 - 6) + 5
-5
Calculate 4 - 0 - 11 - -7.
0
What is 10 + 4 - 14 - 11?
-11
What is 4 - ((0 - 5) + 12)?
-3
What is the value of (-7 + 6 - -10) + -10?
-1
-10 + (-4 - -7) - -8
1
What is the value of 23 + -26 + (5 - (3 - -5))?
-6
8 - 9 - (0 - 3)
2
437 + -446 - (-1 + -8 + 1)
-1
What is the value of 0 - ((0 - 1) + -1)?
2
Evaluate (-8 + 5 - -10) + 0 + -15.
-8
Evaluate -7 + (-2 - -9) + (-16 - -12).
-4
(3 - -11) + -4 + -2
8
What is 8 - (-3 - (-11 - 0) - 4)?
4
What is -2 + (-12 - -7) + 3 + 4?
0
Evaluate (8 - 5) + -8 - -9.
4
Calculate 2 - -1 - 4 - (10 - 6).
-5
What is the value of 4 - (26 - 29 - (-1 + 2))?
8
0 + -1 - (-36 - -39)
-4
Evaluate -6 + 6 + -2 + 0 + 7.
5
-5 + (24 - 9) - 3
7
What is (4 - 4) + -10 + 13?
3
What is -1 + -5 + 1 - (-28 - -20)?
3
(9 + -8 - (-1 + -2)) + -6
-2
Evaluate -8 + 0 + 6 + -3.
-5
What is the value of 6 - (17 - (7 + -4))?
-8
-5 - (6 + (-12 - -1))
0
What is -1 + (1 - 2) + -26 + 24?
-4
What is -3 + 3 + 2 + -4 + 2?
0
(21 - 13) + (-1 - 10) + -2
-5
What is the value of 1 + (6 - -1) + -13?
-5
Calculate -8 + (-12 - -17) + 3.
0
Calculate -21 + (18 - 8) + 10.
-1
What is -1 + -1 - 9 - -8?
-3
-8 - -2 - (0 + 4 + -6)
-4
What is the value of 0 - (2 + -6 + 1)?
3
Calculate 0 + 0 + 2 + -4.
-2
What is 1 + (2 - (1 + -1))?
3
4 + -1 + (12 - 13) + -2
0
What is -2 - (5 + -3 - (-2 - -2))?
-4
-6 + -7 - (5 + -12)
-6
What is the value of -5 + -4 + 10 + 0 + 1?
2
What is 3 + 4 - 14 - -9?
2
1 + (-3 - 2) - -1
-3
5 - (1 + (-2 - -9))
-3
Evaluate (3 - 6) + 10 - (13 - -1).
-7
12 + -5 + 6 - 5
8
Calculate 1 - -1 - (-3 - -4).
1
What is -3 + -1 + 1 + 0 + 3?
0
What is (1 - -6) + 25 + -26?
6
-8 - (-13 + 6 - -3)
-4
What is 4 + 0 - 3 - 5?
-4
What is (-2 - -3 - 0) + (6 - 7)?
0
What is the value of -2 + 7 - (15 + -13)?
3
Calculate (1 - ((-5 - -1) + -4)) + -5.
4
Calculate 0 - 0 - (7 + (-13 - -5)).
1
What is (6 - -2) + -8 + 6?
6
Calculate -3 + (9 + -3 + -3 - -2).
2
(3 - -4) + -5 - (1 + 1)
0
Calculate 3 + (-3 + -1 - 0) + 0.
-1
What is the value of (-5 - -2) + 8 - (10 + -1)?
-4
What is the value of 12 + -11 + -9 + 6?
-2
(0 - (2 + 2)) + -25 + 35
6
-2 + 0 - (-4 + 5)
-3
Evaluate -10 + 5 + 0 + 3 + 1.
-1
What is the value of 3 + -1 + -3 + 10 + -5?
4
Evaluate -2 - (3 - 7 - (-3 + -6)).
-7
Calculate 12 + (0 - 4) + -14.
-6
Evaluate (-9 - -9 - -1) + (-1 - 1).
-1
Calculate -6 - -7 - -2 - 5.
-2
-5 - (-8 - -5 - 10)
8
Evaluate 4 + 5 - 2 - 4.
3
What is 14 - (-7 + 15) - 10?
-4
What is the value of 3 + 1 - (0 - (-25 - -15))?
-6
-2 + 2 + 0 + -3 + 1
-2
Calculate -1 + (-12 - -12) + -6.
-7
6 - 2 - (6 + -3 - 4)
5
What is -6 - ((2 - (7 - -4)) + 7)?
-4
Calculate 0 + 1 + 0 + 1 + 3.
5
What is the value of -6 + (-9 - -16 - -2)?
3
Calculate -11 + -1 + 13 + -2 + 5.
4
Calculate 2 - (1 + -3 + 3) - -1.
2
Calculate 10 + -11 + (0 - 2) - 4.
-7
What is (3 - 1) + -1 + 8 + -1?
8
Evaluate (-2 - -5) + -5 + 3 + 2.
3
What is the value of (5 - 10) + (0 - -2)?
-3
(-12 - -16) + (1 - (2 + 0))
3
Evaluate -11 + -2 - (47 + -51).
-9
What is (-9 - -10 - (2 + 3)) + 1?
-3
What is the value of -8 + 24 + -1 - 7?
8
What is -4 + 1 + -9 + 14?
2
What is (3 - 5) + 6 - 2?
2
What is the value of 2 - (-2 + (0 - 1) - -4)?
1
What is (1 - 1) + 0 - (3 - 0)?
-3
What is the value of (26 - 19) + 0 + -11?
-4
Evaluate (5 - (2 - 9)) + -1 + -4.
7
(-3 - -4 - 5) + 2
-2
Calculate 16 + -13 - (0 - -7).
-4
What is (-4 - -1) + (-2 - -4)?
-1
What is the value of -2 + 0 + -6 + 5?
-3
Calculate -1 - -9 - (-1 + -2 + 7).
4
What is 1 + -12 - (-1 - 2 - 2)?
-6
What is the value of 8 + 1 + -7 + 0?
2
(-25 - -29) + (1 - 3) + -1
1
Calculate 9 + (-2 - -2) + -4.
5
Evaluate (-10 - -9) + -5 + 5.
-1
Calculate -10 + 2 + (33 - 29).
-4
Calculate -4 - 5 - -6 - -1.
-2
(9 - 1) + 2 + (-18 - -6)
-2
Calculate -12 + (19 - 5) - (0 - 2).
4
Calculate (4 + -6 - 3) + 3 - -7.
5
(3 - 9 - (-1 - 4)) + 4
3
Calculate 4 + -6 + 4 - -3.
5
What is 2 - -2 - (-4 + 9)?
-1
Calculate 3 + (-2 - (-3 - (1 - 3))).
2
-2 - (-5 + 2 + -1) - 1
1
What is the value of 9 + 0 + 1 + -5 + -1?
4
Evaluate -10 + 7 - (3 + -3).
-3
0 + 4 + -2 - 3
-1
What is (2 - -1) + -5 + -1?
-3
What is the value of (-2 + -6 - -8) + -2?
-2
What is the value of -3 - (3 + -1 + 1 - 10)?
4
Calculate 8 - (-10 + 18) - 1.
-1
-11 - (-3 - 4) - -4
0
What is -12 - (-2 + -6) - (1 + -11)?
6
(-6 - (-5 - -10 - 9)) + 1
-1
What is the value of -5 + 9 + -2 + (-3 - -8)?
7
Evaluate (-1 - 1) + 5 - (5 + 0).
-2
Evaluate 2 - -4 - (3 - (-3 + 7)).
7
What is the value of (-1 - (-2 + 2)) + -1?
-2
-15 + 13 - (-7 - -12)
-7
7 + -3 + (-16 - -8)
-4
What is the value of -4 - (-2 - 2) - 0 - 0?
0
1 - (2 + (2 - 2 - 3))
2
What is 3 + -3 + 0 - -3?
3
Calculate 22 + -21 - (2 + -1 - 1).
1
What is 9 + -12 + 6 + -3?
0
-2 + 2 + 0 - (-3 + 5)
-2
-3 - (-13 + 4) - (-1 - -4)
3
-49 + 48 + 1 + -5
-5
Evaluate -5 + (3 - -6) + -1.
3
Calculate -13 + 10 + (-2 - -8).
3
5 - 4 - 6 - -5
0
Evaluate (-2 - (5 + -7)) + 3 + 1.
4
-4 + (0 - (1 + -1 - -1))
-5
1 - -2 - (1 + 1 - -9)
-8
Evaluate 2 + 0 - (0 + 2) - 0.
0
4 - (2 + 0) - 5
-3
Calculate 2 - (-6 - ((3 - 4) + -5)).
2
-1 - (2 + -2) - 1
-2
What is the value of (-1 - -3) + -3 - (0 + 2)?
-3
What is 2 - (5 - 7) - (1 - 2)?
5
What is the value of -4 + 3 + (3 - (-3 + 3))?
2
Calculate -4 + 0 - (2 - 1).
-5
Calculate (-11 + 12 - (0 - -1)) + -5.
-5
-9 - -11 - 1 - (1 + -2)
2
Evaluate -1 + 1 - 3 - 1.
-4
Calculate -2 + 6 + 34 + -36.
2
2 + 1 - (4 - 1)
0
What is (5 - -5 - (2 - 0)) + -4?
4
Evaluate 9 + -3 - (3 + -4 + 1).
6
(17 - 14) + -1 + 0
2
Evaluate -7 - (2 + 8) - -9.
-8
What is the value of -64 + 56 + 4 + 2 + -3?
-5
Evaluate 0 + (-2 + 4 - -1 - 2).
1
Calculate -18 + 6 - (6 + 1) - -9.
-10
Calculate (6 - 4) + -1 + (0 - 0).
1
What is -2 - ((-4 - -4) + 1)?
-3
Calculate 0 + 0 - (